. Is m(13) a composite number?
True
Let z = 147992 + -88659. Is z a composite number?
False
Let h = 845 + -842. Suppose -i + 8852 = h*q, -6310 = -2*i + 2*q + 11418. Is i a composite number?
False
Let n = 32288 + 6009. Is n prime?
False
Let s be (-88)/(-14) + 26/(-91). Let u(r) = 66*r**2 - 35 + 4 + 98*r**2 - 16*r**2. Is u(s) composite?
False
Let f = 122730 - 65383. Is f a prime number?
True
Suppose -5*p = -9*p + 20. Let q be (p - 5)*(-1)/(-2). Is (q - -265)*(14 - 13) composite?
True
Suppose -36*i = -30*i - 983838. Is i composite?
False
Suppose 4*x - 13154674 = -37*x + 11060459. Is x a composite number?
True
Suppose 5*z - 12428 - 14941 = -4*i, 3*i - 20498 = 2*z. Suppose 5*k + 4*y - i = k, -2*k = -y - 3424. Is k prime?
False
Suppose 4*d + r - 5437 - 6502 = 0, -2*r + 14929 = 5*d. Is d a composite number?
True
Suppose -3*p + 5 = -5*z, -z + p + 3 = 3*z. Suppose -z*c = -10*c. Is 322 + (c + 1)*-3 composite?
True
Let n = -447 - -452. Suppose 2*b + 10659 = f - 2*b, -n*f + 53265 = -5*b. Is f a prime number?
True
Let t(u) = -2 - 8 - 22*u + 20*u. Let z be t(-7). Let f(k) = 68*k**2 + 11. Is f(z) a composite number?
True
Let c(w) = -289*w**2 - 6*w - 3. Let d(s) = -290*s**2 - 4*s - 3. Let m(a) = 4*c(a) - 5*d(a). Is m(1) a composite number?
False
Suppose 429 = -5*p - d, -3*d = 2*p + 2*d + 167. Let z = -76 - p. Suppose z*b - 3*b = 5509. Is b prime?
True
Let u = 1960247 + -1321916. Is u a prime number?
False
Suppose 0 = -9*q - 83 + 407. Suppose q*a = -0*a + 1003788. Is a prime?
True
Let x = -183 + 187. Suppose 687 = x*z + 5*t - 8169, z - 2*t - 2201 = 0. Is z a prime number?
False
Is (-3)/42 - (5789979/(-182) - 6) a composite number?
True
Let c = -418 - -415. Is ((-11038)/6)/(1/c) a composite number?
False
Is (-504)/(-42) - 2944739/(-7) a composite number?
True
Let z be -54023 - -26 - (-1)/((-1)/(-3)). Let g = z + 111023. Is g prime?
False
Let p = 544 + -484. Is 3 - (52354/(-3) + (-40)/p) composite?
True
Let w be (-6 - -7)*1*(0 - -1). Is (-1 - 2/w)/((-222)/178414) a composite number?
False
Let h(w) = 16*w**2 + 22*w - 72. Let k be h(17). Suppose 22*j + 988 = k. Is j a composite number?
False
Let h(v) = 134*v**2 + 7*v + 1. Let m(r) = -r**2 + 1. Let w(j) = h(j) + 4*m(j). Let d be w(-3). Suppose -7*y + d = -6*y. Is y a prime number?
False
Let n(y) = -y**3 - 11*y**2 + 23*y + 46. Let v be n(-19). Let s(c) = 108*c + 10. Let r be s(6). Suppose 5*u - v = r. Is u a composite number?
False
Let v = 214 + -209. Suppose -v*b = 32*b - 21127. Is b a prime number?
True
Suppose 0 = -3*h + a + 20914, -4*h - 11*a = -12*a - 27887. Is h a composite number?
True
Suppose -3*z + 0*z - 1413 = 0. Let x = -816 - z. Let o = -92 - x. Is o a composite number?
True
Let v = 562 - 471. Suppose -v*b = -86*b - 31925. Is b a composite number?
True
Suppose 0 = j - 2*t - 16865, -190*t + 187*t = 2*j - 33772. Is j composite?
True
Suppose 4*b - 2*r - 212 = 0, 5*b + 0*r - 254 = -3*r. Suppose 0 = 2*m - 218 + b. Is m a prime number?
True
Suppose 116*i - 123555052 = -28*i - 172*i. Is i composite?
True
Let n(o) = 44437*o - 3802. Is n(5) composite?
True
Let a = 18319 - -271518. Is a composite?
False
Suppose 2*x - 5*z = -1632 + 9913, 3*x - 12425 = 4*z. Let j be 8 + -5 - (-3)/3. Suppose -g = -j*g + x. Is g a composite number?
False
Suppose -120298 = -9*k + 133925. Is k a composite number?
True
Let l be (-12)/(-16) + (-795)/4. Let k be 66/l + 2/(6/(-5)). Is (k - -3)/((6/28761)/2) a composite number?
False
Let s = 1289959 + -519786. Is s a prime number?
False
Suppose -59010 = -9*o + 1587. Is o a composite number?
False
Let j(w) = 0*w**3 - 12 + w**3 - 1 + 9*w - 8*w**2. Suppose 0 = 3*x + 5*q - 17, 308 = 5*x + 3*q + 269. Is j(x) a prime number?
True
Let n be 1/(-5) + 147/35. Suppose 0*k = -3*k. Suppose k = -n*t - t + 1185. Is t a prime number?
False
Suppose 2509 = 43*o - 6306. Let z = o + 181. Is z composite?
True
Suppose -10*u + 22742 = -108908. Is u prime?
False
Let h be 1/((-325)/(-80) - 4). Let y be 4418/22 + h/88. Let x = 288 - y. Is x composite?
True
Let n = -4 + 9. Let z(g) = 4*g - 3. Let c be z(n). Let s(m) = -m**3 + 18*m**2 + 23*m + 9. Is s(c) composite?
True
Suppose -2*d + b = -4*d - 69, 5*d - b + 162 = 0. Let m = 37 + d. Suppose -7*z + m*z = -231. Is z a composite number?
True
Suppose 0 = 5*h + 4*h - 233017 - 1152146. Is h composite?
True
Let v(r) = 43*r**2 - 2*r + 1. Let z be v(1). Let x = z + -38. Suppose -x*i + 6*i = 94. Is i a prime number?
True
Let g be (28/8 + -3)*0. Let w be g/(8/4) + -233. Let j = 550 + w. Is j prime?
True
Let a(f) = -2972*f + 122. Is a(-30) composite?
True
Let t(o) = -o**2 + 4*o - 3. Let u be t(3). Suppose h + 28 + 99 = u. Let y = h + 266. Is y composite?
False
Let j(a) = -1 + 0 + 10*a - 51*a**3 + 88*a**3 - 3*a - 4*a**2 + 148*a**3. Is j(1) a composite number?
True
Let t(d) be the third derivative of 31/6*d**3 + 0 - 5/4*d**4 + 3*d**2 + 0*d. Is t(-16) composite?
True
Let w = 182449 + -80390. Is w prime?
True
Suppose 0 = 5*v + m - 2427397, -31*v + 29*v = 4*m - 970966. Is v prime?
True
Let l = 825031 + -564768. Is l a composite number?
False
Suppose 4*n - 39*w + 37*w = 492910, 0 = 5*n + 3*w - 616154. Is n a prime number?
True
Let h be 2 + (2 + -4)*1. Suppose h*s + 2*z + 32 = 2*s, -5*z - 15 = 0. Suppose s*o = 3*o + 670. Is o a composite number?
False
Suppose 18*f - 54*f = -934722 + 204390. Is f a prime number?
True
Let m = 7 - 4. Suppose -2*c = -q - 1274, -25*c - 1910 = -28*c + q. Suppose m*j - 3*y + c = 6*j, -873 = -4*j + y. Is j prime?
False
Let i = 126232 + -25403. Is i composite?
False
Is 1750972/(-228)*-3 - (-20)/(-190) a composite number?
False
Let u be (-1*2/(-4))/(2/8). Suppose 16 = 4*q, -2*b - u - 6 = -3*q. Suppose -b*n + 2518 = -0*n. Is n a prime number?
True
Let b be 1*(2 + -1)*(-2 - -9). Let u be (-28502)/(-5) + b/((-35)/2). Suppose 7*o - 9518 = 2*o + y, u = 3*o + 3*y. Is o a composite number?
True
Suppose 12*c - 12 = 11*c. Suppose -5*n = -c + 2. Suppose -n*p - 302 = -2*x, 6 = p - 4*p. Is x prime?
True
Let t(s) = 11295*s + 629. Is t(8) composite?
False
Let y = -121 - -121. Let s = 26 + -21. Suppose 2*u - 369 = -p, y*p + 737 = 2*p + s*u. Is p a prime number?
False
Let r be -22188 + 20/4 + -2. Let d = r + 31184. Is d prime?
True
Is (-97461)/(-2) - (-120)/240 prime?
True
Let w be ((-26362)/(-2))/((-1)/(-6 - -5)). Let y = -2652 + w. Is y composite?
False
Let r be 8/((-1)/2*-4). Suppose 3*a - 369 = r*q, 2*a - 5*q - 332 + 79 = 0. Let h = a + -60. Is h a composite number?
False
Let s = -394 + 392. Is (-200677)/(-9) + (s - (-196)/126) composite?
True
Let y(l) = 8*l**2 + 7*l - 41. Let c be y(12). Suppose 0 = 4*k + u + c, 2*k + 2*u = -2*k - 1198. Is (-1)/(1/5 + k/1465) prime?
True
Let l = -1797 + 8918. Is l prime?
True
Suppose 3*a + 3779 = 2*n - 6750, -4*n + 21073 = -3*a. Suppose -9*r = d - 5*r - 1313, 4*d - 4*r - n = 0. Is d a prime number?
False
Let x be ((-20)/50)/((-6)/24135) + 4. Suppose 4*d + 534 = i - 0*i, -x = -3*i + d. Is i a prime number?
False
Suppose -5*a = -4*m - 2985 - 16142, 3*m = -a + 3852. Is a a prime number?
False
Let l(j) = -j**3 - 3*j**2 + 4*j - 2. Let h be l(-5). Suppose -h*q + 27*q + 5 = 0. Suppose 2*a + 4*b = 2010, 0 = -4*a + a + q*b + 3037. Is a prime?
True
Suppose -5*n - 3*a + 14 = -4, -a + 7 = 2*n. Suppose -7*m - m = -n*m. Suppose m = p + 55 - 556. Is p prime?
False
Let b be (-69)/46 + 26/4. Suppose -5*o + 3602 = 5*h + 222, b*h = 3*o - 2068. Is o a composite number?
True
Let p(c) = -1. Let b(g) = 114*g**2 - g - 6. Let j(h) = -b(h) - 2*p(h). Let u(v) be the first derivative of j(v). Is u(-3) a prime number?
False
Is (-154)/(-1155) + 2626329*2/90 composite?
False
Suppose 2*o - 13*o + 770744 = 93*o. Is o prime?
True
Let w(m) = 479*m + 2. Let j be w(4). Let u be 20/(-100) - j/10. Let s = u - -587. Is s a prime number?
False
Let h(x) = 66*x**3 + 28*x**2 - 100*x + 165. Is h(26) a composite number?
False
Let k = -3000 + 1120. Let p be k/32*(-8 - 0). Suppose 0 = i - p + 63. Is i composite?
True
Suppose d + 4*w - 160735 = 0, 32*d - 30*d + 2*w - 321476 = 0. Is d a prime number?
True
Suppose 7*x - 1900 = 3*x. Let k be (-64)/2*(x/4 - -2). Let n = k + 7711. Is n a prime number?
True
Let l(v) = -1396*v**3 + 3*v**2 - 4. Let q be l(1). Is (46/23)/((-2)/q) a composite number?
True
Suppose -18*u = -112722 - 129918. Let l = u + -4517. Is l a prime number?
True
Let a be 6